rivative of -1/2*x**3 + 0 - 1/8*x**4 + 0*x - 44*x**2. Suppose 4 = -5*i + 29. What is k(i)?
-18
Let q(a) = a**3 - 9*a**2 + 18*a - 12. Let j = 26116 - 26110. What is q(j)?
-12
Let x(b) = -b**2 + 8*b - 2*b**2 + 4*b**2. Let g = -11057 - -11051. Determine x(g).
-12
Let y(h) be the third derivative of -h**5/60 + h**4/24 + 4*h**2. Let c(m) = -m**2 - 7*m - 7. Let d be ((-54)/(-36))/((-1)/4). Let v be c(d). Determine y(v).
-2
Let c(w) = -25*w - 77. Let u(v) = 26*v + 12. Let i(g) = 5*c(g) + 4*u(g). Give i(-16).
-1
Let u(m) = -1 + 0*m + 3 - 3*m. Suppose -1274 + 613 = -77*b - 122. Calculate u(b).
-19
Let i(k) = 5*k - 160 + 12*k**2 + 576*k**3 - 1138*k**3 + 563*k**3 - 9*k. Give i(-11).
5
Let b(a) be the third derivative of 1/4*a**4 + 7*a**2 + 1/2*a**3 + 0*a + 0. Let h = -97 + 93. Calculate b(h).
-21
Let h(c) = -13*c**3 + 84*c**2 - 80*c - 276. Let o(q) = 8*q**3 - 56*q**2 + 54*q + 184. Let s(b) = -5*h(b) - 8*o(b). What is s(-29)?
-5
Let t(w) = -264 - 387 + 2*w - 2*w**2 + 645. What is t(4)?
-30
Suppose 0 = 2*t - t + 32. Let k = -33 - t. Let r(w) = -8*w**3 + w**2 - w - 1. Calculate r(k).
9
Let i = -6 + 13. Let a(u) = 1811*u - 16. Let v(o) = 8148*o - 65. Let b(t) = 9*a(t) - 2*v(t). What is b(i)?
7
Let q(k) be the third derivative of k**6/120 - k**5/12 + k**4/6 - 3*k**3/2 + 15895*k**2 - k. Let w be 156/27 - (-6)/27. Give q(w).
51
Suppose 285 = 90*s + 645. Let o(h) = 3*h - 2. What is o(s)?
-14
Let g(x) = 2*x**2 - 23*x - 37. Let j be g(13). Let d(l) = -l - 1. Let m be d(j). Let w(t) = t**3 + 3*t**2 + 3*t + 3. Determine w(m).
-6
Let q(j) = -j**3 + 3*j**2 + 25*j + 48. Let u(v) = -3*v**3 + 4*v**2 + 76*v + 151. Let k(h) = -17*q(h) + 6*u(h). Calculate k(-28).
6
Let o(z) = 2*z + 6. Let h be 340*(24/(-10))/(-6). Let a = 78 - h. Let u be (1 - 21/18) + a/12. Give o(u).
-4
Let k(n) be the first derivative of 4*n**3/3 - n**2/2 + n - 2. Let c = 207 - 221. Let i be (-34)/c - (-15)/(-35). Calculate k(i).
15
Let u(h) = -h**3 + 10*h**2 - 2*h + 16. Let x(b) = b**3 - 11*b**2 + 2*b - 16. Let p(k) = 4*u(k) + 5*x(k). Suppose -22*o + 4697 - 4367 = 0. Determine p(o).
14
Let g(w) = -w**2 - 3*w. Let u be (-241)/1 - (21 - 29). Let v = 238 + u. Determine g(v).
-40
Let u(r) be the third derivative of r**6/60 + 23*r**5/10 + 23*r**4/4 + 139*r**3/6 + 6776*r**2. Determine u(-68).
3
Let h(r) = 2. Let p(n) = -6*n - 11. Let u be p(-2). Let a(o) = o - 15. Let m(l) = u*a(l) + 3*h(l). Give m(4).
-5
Let i(n) = -81*n + 147*n - 3 - 30*n - 6*n**2. Let l be i(6). Let x(p) = -p**3 - 7*p**2 - 5*p - 4. Determine x(l).
-25
Let l(u) = -3*u - 39. Let n(t) be the third derivative of -t**4/24 - 5*t**3/3 + 6*t**2 + 6*t. Let d(b) = 2*l(b) - 9*n(b). What is d(-10)?
-18
Let p = -343 - -343. Suppose p = 168*s - 153*s - 90. Let b(f) = -f**2 + 7*f + 3. Let m(z) = 1. Let d(c) = b(c) + 3*m(c). Calculate d(s).
12
Let v(x) = 7*x**3 - 3 + 1 + 95*x**2 - 93*x**2 - 26*x + 25*x. Calculate v(-2).
-48
Suppose 2*p = -13*p + 105. Suppose p*w = -0*w + 35. Let l(t) = 3 - t**2 - 4*t + 3 + t**3 + 3*t - w. Determine l(2).
3
Let w(h) = 22*h - 244. Let x be w(11). Let t(m) = -m - 1. Give t(x).
1
Let l(w) = -3*w**2 - 11*w + 130. Let s = -12103 - -12108. Determine l(s).
0
Let x(g) = -4757*g**2 + 8*g + 4754*g**2 - 9*g - 15. Determine x(0).
-15
Suppose -7*n + 8*n - 3 = 0. Suppose n*k - 33 = -0. Let p(y) = y**2 + 18*y**2 - 2 - y + y**3 - k*y**2. Give p(-8).
6
Let t(p) = -2*p + 6. Let a be t(5). Let y(i) = -2*i**2 + 37*i - 72. Let b be y(15). Let l(x) = -10*x + x**3 - 29*x**2 + 67*x**2 - b*x**2 + 12*x. Determine l(a).
8
Let v(j) = -j - 10. Let o be 64 + 5*(-4)/(-10). Suppose 0 = -n - u - 3*u + 69, -3*u + o = n. Let m = n - 64. Give v(m).
-3
Suppose -5*s + 28*q = 29*q - 99, 2*s - 5*q - 45 = 0. Let o(n) = -4*n + 80. Determine o(s).
0
Let z(g) = 16*g**2 + 10*g + 17. Let x(h) = 14*h**2 + 8*h + 14. Let w(u) = 5*x(u) - 4*z(u). Let d = 6 + -8. What is w(d)?
26
Let d(z) = -3*z**2 + 2. Suppose -2*x + 91 = 5. Let m = x - 41. Suppose m*l - 29 = -25. Give d(l).
-10
Let q(t) be the third derivative of 0*t**4 + 0 - 1/30*t**5 + 0*t + 0*t**3 - 2*t**2. Let g(m) = m**3 + 7*m**2 + 7*m + 8. Let f be g(-6). Give q(f).
-8
Let j(u) be the first derivative of u**3/3 + 2*u**2 - 12*u + 231. Determine j(-6).
0
Let q(b) be the first derivative of b**4/4 + 17*b**3 + 49*b**2 - 19*b - 11499. Calculate q(-49).
-19
Suppose 0 = -209*j + 64 - 785 + 94. Let f(d) = -d**3 + 4*d. Let a(r) = -2*r**3 - r**2 + 7*r. Let b(n) = 3*a(n) - 5*f(n). Determine b(j).
-3
Let t(j) be the first derivative of -3*j**2/2 + 5*j + 16. Let m = 252 - 248. Give t(m).
-7
Let o be 7 + (1/(-4)*-4)/(-1). Suppose o*c = -2 - 22. Let n(p) = -3*p**2 - 3*p - 6. Let k(d) = 7*d**2 + 5*d + 12. Let q(t) = -2*k(t) - 5*n(t). Determine q(c).
2
Let i(w) = -3*w. Let d(x) = -2*x**2 - 3*x + 70. Let z be d(-9). Let k = 64 + z. Give i(k).
3
Let a(s) = 15 + 9 - 3 - 18*s - 7 + 9*s - s**2. What is a(-9)?
14
Let a(j) = -j - 8. Let y(g) = 1. Let i(v) = v + 7. Let p(z) = i(z) - 6*y(z). Let n(r) = -a(r) - 2*p(r). Let d(m) = -2*m - 1. Let c be d(-4). What is n(c)?
-1
Suppose -5*q + 248 = -q + 4*p, 86 = q - 5*p. Suppose q = -9*g + 12. Let r be (28/42)/(4/g). Let l(h) = 5*h - 1. What is l(r)?
-6
Suppose 4*s + 98 = -82. Let v = -50 - s. Let k(d) = 0 + 2 - 2 - 4 - d. Give k(v).
1
Let w be 15*(24/42)/((-12)/(-98)). Suppose -8*j - 70 = -w. Let c(p) = -p + 5. Calculate c(j).
5
Let o(v) = -16*v - 3*v + 0*v. Let s(t) = -t**3 + 15*t**2 + 20*t - 63. Let i be s(16). Calculate o(i).
-19
Let b(i) = -i**3 + i**2 - i - 6. Let n(a) = a**2 - a. Suppose 4*s - g + 1 = 3*s, 5*g = -4*s + 32. Suppose s*y - 9*y = 0. Let d be n(y). Determine b(d).
-6
Let f(v) be the third derivative of 0 + 31*v**2 - v + 1/3*v**4 + 0*v**3. Determine f(1).
8
Let u(g) be the second derivative of -66*g + 1/2*g**3 + 1/20*g**5 + 0 + 0*g**2 + 11/12*g**4. What is u(-11)?
-33
Suppose -3*r - 20 = -4*i, i + i + 4*r = -12. Let s = 514 - 512. Let y(t) = 0*t**s - 8*t**2 - t**i + 2*t + 8*t**2. Calculate y(2).
0
Let f(m) be the second derivative of 4*m**3/3 - 5*m**2 + m + 460. Give f(3).
14
Let k(x) be the third derivative of x**6/60 - x**5/30 - x**4/12 + x**3/2 + 2*x**2. Let l = 28 + -28. Let q = l + 2. Determine k(q).
7
Let g(y) = 2203 + y**3 + 0*y**2 - 3*y**2 - 4397 + 2200 - 3*y - 3*y. Let b = -1 - -5. Calculate g(b).
-2
Suppose 0 = 5*b - 264 + 279. Suppose j + 1 = 5*h - 12, -5*h = j - 17. Let d(t) = 25*t**j - 4 - t + 30*t**2 - 54*t**2. What is d(b)?
8
Let q be 2416/18 - ((-48)/27)/(-8). Suppose 131*r = q*r - 6. Let t(d) = -6*d**2 - 7 - 26*d + 2*d**2 + 5*d**r + 30*d. Give t(-6).
5
Let n(w) = 6*w**2 - 13*w + 31. Let f(o) = 2*o**2 - o - 4. Let l(y) = 2*f(y) - n(y). What is l(7)?
-60
Suppose -2*c + 4*y + 14 = 0, 0*c + 4*c = -5*y + 28. Suppose 11 + c = 3*b. Let m(p) = -7*p + 7*p - 3*p + b*p. Determine m(3).
9
Let x(t) be the second derivative of t**5/120 - t**4/4 - t**3/6 + t**2/2 + 15*t. Let u(q) be the second derivative of x(q). Calculate u(-5).
-11
Let c(j) = j**3 + j**2 + 1. Let f(g) = -3*g**3 - g**2 + 23. Suppose -2*u - 702 = 4*u. Let b = u + 118. Let w(k) = b*f(k) + 2*c(k). Calculate w(0).
25
Let y(l) = 19*l - 15*l - 17*l**2 - 12 + l**3 + 13*l. Suppose -7*i + i = -96. What is y(i)?
4
Let p(y) be the second derivative of 0*y**3 + 1/12*y**4 + 2*y**2 - 19*y + 0. Determine p(0).
4
Let u(k) = -11*k**2 + 7*k - 61. Let c(d) = 24*d**2 - 15*d + 122. Let l(p) = -6*c(p) - 13*u(p). Give l(8).
-11
Let v(b) = -3*b**3 - 6*b**2 + 16*b + 1. Let c(a) = 7*a**3 + 13*a**2 - 37*a - 1. Let z(j) = -2*c(j) - 5*v(j). Suppose -35 = 7*q - 0. What is z(q)?
2
Let z(v) = 4*v - v - 2 - 8 - 9. What is z(13)?
20
Let r(a) = -2*a - 2. Let g be (5 + -5)/2 + -116. Let l = -111 - g. Suppose 25 = 5*n - l*v, 6*v = 3*v - 6. Determine r(n).
-8
Let o(t) = 3*t - 5. Let v = -50 - -68. Let w be o(v). Let n(m) = m + w - 14 - 12 - 21. What is n(6)?
8
Suppose 5*q - 4*o = 0, 3*q + 6*o - 32 = 2*o. Suppose -5*p - q = 4*n, -p = -5*n + 7 + 17. Let t(g) = 40*g + 49*g - 2 - 93*g. What is t(p)?
14
Let a(v) = 6*v - 1. Let w be 21 + (0 - -1) - (-1 + -1). Let f be 5 - (2/(-3) + w/9). Give a(f).
17
Suppose 5*p = 6*p - 2. Suppose -5*j + 39 = -2*m, 2*j + 4 = -0*m - p*m. Let w(h) = -8*h - h**2 + h**3 - 8 + 2*h**2 + 5*h**2. What is w(m)?
-1
Let y(t) be the first derivative of -t**4/4 - 3*t**3 + 3*t**2 - 33*t + 670. Determine y(-10).
7
Let b(x) = 7*x